(q).
1
Let h(g) = -g**3 + g + 1. Let i(m) = -3*m**3 - m**2 + 2*m + 10. Let d(p) = -2*h(p) + i(p). What is d(0)?
8
Let c = 1 - -3. Let w(y) = 0*y + c*y + 0*y + 7*y + 1. What is w(-1)?
-10
Let u(r) be the first derivative of -3 + 5/3*r**3 - 5/2*r**2 + 1/4*r**4 + 5*r. Give u(-6).
-1
Let n(o) be the first derivative of o**2/2 + 6*o + 7. Give n(0).
6
Let a(l) = 6 - 3 - 3 + 12*l**2 - 4. Let j(n) = 13*n**2 - 5. Let x(v) = 6*a(v) - 5*j(v). Give x(-1).
8
Let a(l) = 4*l - 9. Let q be (-2)/6*(-1 - (-5 + 22)). What is a(q)?
15
Let y(v) = v**2 + 3*v + 1. Let j = -10 + 13. Calculate y(j).
19
Suppose -5*l = -5*j + 25, 4*j = l + 5*j + 1. Let i(t) = t**2 + t - 4. Give i(l).
2
Let n(f) = -4*f + 0*f - 4*f - 5*f**2 + 7 + 6*f**2. Determine n(7).
0
Let y(i) = 25*i - 15. Let p(v) be the first derivative of 5/2*v**2 + 1 - 3*v. Let w(x) = 11*p(x) - 2*y(x). Determine w(2).
7
Suppose -5*n = -4*n - 4. Let p(m) = m**2 + 4 - n*m - m + 0*m. Let v(o) = o + 12. Let c be v(-7). What is p(c)?
4
Let m(v) be the first derivative of v + 1/2*v**2 - 2/3*v**3 - 7. What is m(-2)?
-9
Let f(w) = -4*w**3 + 8*w**2 - 4*w + 2. Let i(m) = 5*m**3 - 9*m**2 + 5*m - 3. Let p be (-3 - -2)/((-2)/10). Let q(a) = p*i(a) + 6*f(a). Determine q(-3).
-6
Let u(o) be the first derivative of -1/4*o**4 - o + 1 + 5/3*o**3 + o**2. Calculate u(5).
9
Let i(d) = 3*d - 2. Let t(g) = -g + 1. Let r(u) = -i(u) - 4*t(u). Give r(5).
3
Let l(n) = -n**3 - 10*n**2 - 1. Let g be l(-10). Let z(q) = 4*q**3 - q - 1. Give z(g).
-4
Let w(d) = -d**2 + 4*d + 73. Let s be w(11). Let b(u) = u**2 + 10*u - 2. Let a(v) = -v**2 - 9*v + 1. Let h(p) = 6*a(p) + 5*b(p). What is h(s)?
-4
Let a(k) = -k - 1. Let h be a(-4). Let n = -5 - -7. Let i(q) = n*q + 0*q - h*q. Calculate i(-2).
2
Suppose -m = 2*g - 3*m, 2*g = -4*m + 12. Let c(w) = w**3 - w**g - 6 + 2*w**2 + 12. Determine c(0).
6
Let y(z) be the second derivative of 5*z**4/12 - z**3/6 - 5*z. Give y(-1).
6
Let b(n) = -2*n**2 - 3*n - 18. Let g(l) = -l**2 - l - 9. Let i(w) = 6*b(w) - 11*g(w). Suppose -4*z - 6 = -3*z. Determine i(z).
-3
Suppose 3 = a + 2*a. Let p be (-2 + (3 - a))*-1. Let z(o) = -6*o - 1 + 4*o + p. Give z(1).
-3
Let o(l) = 2*l**2 + l. Let t = -120 - -122. Determine o(t).
10
Let a(c) = -c**2 + 3*c - 3. Let d(q) = -1. Let n(j) = -j - 3. Let i(t) = -4*d(t) + n(t). Let x(g) = a(g) + 4*i(g). Determine x(-2).
-1
Suppose 2*c + 12 = 4. Let w(k) be the second derivative of -1/20*k**5 - 3/2*k**2 + 2*k + 0 + 1/3*k**3 - 1/4*k**4. What is w(c)?
5
Let z(r) = 4*r**2 - 2*r - 2. Let p(j) = -j**2 - 5*j + 2. Let b be p(-5). Suppose 5*v = 10, -b*a + 3*v - 3 = -1. What is z(a)?
10
Let q = -159/8 - -20. Let p(o) be the third derivative of -2*o**2 + 5/6*o**3 + 0 + 0*o - q*o**4. Determine p(4).
-7
Let g = 3/10 - 2/15. Let j(k) be the second derivative of -1/2*k**3 + 0 - 1/2*k**2 + 1/20*k**5 - 2*k - g*k**4. Give j(3).
-1
Let n = 27 + -47. Let a = n + 23. Let u(g) = -g**3 + g**2 + 2*g + 4. Determine u(a).
-8
Let n be (-16)/(-3) - 2/(-3). Let m be (3 - 4 - 1) + n. Suppose -m*u + 3*u = -1. Let a(y) = -11*y**3 - y**2 + y. Determine a(u).
-11
Let b(c) = 3*c**3 + 34 + 3*c + 38 - 3*c**2 - 69 - 4*c**3. Calculate b(-4).
7
Suppose 4*l - 2 = 10. Let k(z) be the first derivative of z**4/4 - z**3/3 - 5*z**2/2 + 4*z - 4. Give k(l).
7
Let o(l) be the second derivative of l**5/20 + 5*l**4/12 + l**3/6 + 3*l. Calculate o(-5).
-5
Let h(x) = -4*x**2 + 8*x + 7. Let i(j) = -j**2 + j + 1. Suppose -2*f - 8 - 4 = 0. Let a(p) = f*i(p) + h(p). What is a(-2)?
5
Let j = 32 - 30. Let a(f) = -4*f. Determine a(j).
-8
Let d(g) = 2*g. Let h be d(5). Suppose h = 2*c - 0*c + 2*r, 25 = -4*c + 5*r. Let k(b) = b**3 - b - 3. What is k(c)?
-3
Let m be (-18)/(3/1) + 1. Let c(a) be the second derivative of -a**3/2 - 7*a**2/2 + a. Calculate c(m).
8
Let o(u) = 1 + 8*u - 4 + 6*u - 18*u. Give o(-2).
5
Let g(u) = -u**3 + 6*u**2 + 5. Suppose -2 = -4*b + 5*i + 12, -b + 4*i = 2. Give g(b).
5
Let u(n) be the second derivative of -2*n**5/5 + n**4/6 - n**3/6 - 6*n. Let r(j) = -j + 5. Let p be r(4). Give u(p).
-7
Let m(l) = l + 5. Let c be 7*(-3 + 3 + -1). Determine m(c).
-2
Let a(h) = 5*h**2. Let b be a(-1). Suppose -r - 2*r + 24 = b*v, 0 = -4*v. Suppose r = 5*c + 3. Let x(k) = 2*k**2 - 2*k + 1. Calculate x(c).
1
Let p(u) = 7*u + 1. Let j be p(-1). Let i be 4/j + 1/(-3). Let d(s) = 7*s + 1. Let v be d(i). Let c(t) = -t**2 - 8*t - 8. Calculate c(v).
4
Let l = 0 + 3. Let z be (-6 - -1)*(l - 2). Let m(h) = 4*h - h**3 - h**2 - 6 + 5 - 3*h**2. Calculate m(z).
4
Let z(l) be the first derivative of 1/2*l**4 + 1/2*l**2 - l**3 - 2 - l. Give z(2).
5
Let i(g) = 2*g + 2. Let n be i(-1). Let l(f) = -1 - 2*f**3 - 3 + f**3. Calculate l(n).
-4
Let i(q) = 4*q - 11 - 5*q**2 - 3*q + 11. What is i(-1)?
-6
Let j(c) = c**3 - 2*c + 1. Let p be j(1). Let y(u) = u**3 - 6. What is y(p)?
-6
Suppose -3*q + 5*q = 0. Let k(w) = 0*w**2 - 1 - 5*w**2 + q*w + 2*w. Let u be (-2)/4*(1 + -3). What is k(u)?
-4
Let a(u) = 3*u + 2 + u - 3*u. Let j = 17 + -21. Let r(g) = g**3 + 3*g**2 - 4*g - 4. Let b be r(j). Give a(b).
-2
Let g(c) = c**3 + 2. Let r be (-1 - (-1 + 0))/(-1). Suppose -p + 4*p = r. Calculate g(p).
2
Let v(w) = 2*w + 7. Let s = 6 + 3. Let z = -13 + s. Let a be (z + 3)/(2/10). Determine v(a).
-3
Let y(d) = 5*d**2 - d. Let v(x) = x**2 - 8*x + 2. Let k be v(7). Let j = 4 + k. Give y(j).
6
Suppose 2*d = 3*q - 19, -5*q + 47 - 7 = -5*d. Let c(l) = l**3 - 3*l**2 + 2*l - 1. What is c(q)?
5
Let y(t) be the second derivative of t**5/60 + 5*t**4/24 - 2*t**3/3 + 3*t**2/2 - 2*t. Let g(f) be the first derivative of y(f). Determine g(-6).
2
Let a(g) = 6*g + 4*g + 2*g + 3 - 2*g - 2*g**2. Determine a(7).
-25
Suppose 2*q + 8 + 0 = 3*f, -4 = f + q. Let o(l) = 2*l**2 - 2*l - 2. Let a be o(2). Let n(m) = -a*m + 4 + 0 - m**2 + 3 + m. What is n(f)?
7
Let f be 104/(-18) - -7*2/(-63). Let w(d) = 7*d**2 + 15*d. Let v(t) = -6*t**2 - 14*t - 1. Let b(p) = -6*v(p) - 5*w(p). What is b(f)?
-12
Let g(w) = -w**3 - w**2 - 3*w - 3. Let n = 72 + -51. Suppose 4*i + i + n = -x, 2*x + 4*i = -12. Suppose 4 = -4*p - x. Give g(p).
7
Let k(v) be the third derivative of 1/120*v**6 + v**3 + 1/10*v**5 + 0 + 0*v + 1/6*v**4 + 4*v**2. Give k(-5).
11
Let m(d) = 3 - d**3 - 4*d + 3*d**2 - 6*d**2 + 4*d. Let q be 5*(-6)/(-15)*1. Suppose -3*s - 15 = q*s. Calculate m(s).
3
Let j = -1 - -6. Suppose -11 - 9 = -j*p. Suppose -n - y = y + p, 5*y = 5*n + 5. Let z(i) = i**2 + 5*i + 3. Determine z(n).
-3
Let g(n) be the second derivative of -1/20*n**5 + 5/6*n**3 + n - n**2 + 1/12*n**4 + 0. Let l be 5 - (5 + -4) - 1. Determine g(l).
-5
Let c(j) be the second derivative of -j**3/2 - j**2/2 - 4*j. Calculate c(1).
-4
Let v(d) be the third derivative of -7*d**4/24 + d**3/6 + d**2. Let b be ((-7)/56)/(2/(-16)). What is v(b)?
-6
Let g(a) be the second derivative of 5/6*a**3 + 1/12*a**4 - a**2 - 7*a + 0. Determine g(-6).
4
Let z(q) = 2*q. Let o be 36/(-21)*7/(-2). Let t(n) = -n. Let g(a) = o*t(a) + 4*z(a). What is g(5)?
10
Let u(v) = v**2 + 6*v + 4. Let i be ((-4)/(-3))/(3/9). Suppose -r + 14 = -0*r - i*n, 5*n + 13 = -r. Let l be ((-8)/r)/(5 + -4). What is u(l)?
-4
Let i(y) = -6*y**2 + 1 + 5 - 6. Determine i(1).
-6
Let y(u) = -u. Let z(h) = -3*h - 4. Let a be 1/(-2)*(3 + -1). Let m(k) = a*y(k) + z(k). Give m(-4).
4
Let v(m) = -m**3 + 3*m**2 - 3*m + 1. Let g be 48/21 - (-4)/(-14). Suppose -g*t - 4*c + 4 = -6, t = -3*c + 8. Let k be (-1)/(-1)*t - -3. Give v(k).
-1
Let j(g) = -g**3 + 8*g**2 + 9. Suppose -3*h = -19 - 5. Give j(h).
9
Let d(c) = 4*c + 1. Let j be (-4)/(-16)*(3 - -1). Let v(q) = 2*q - 3*q + j + 6*q. Let p(f) = -6*d(f) + 5*v(f). Give p(0).
-1
Let k(l) = -4*l**3 - 4*l + 4. Suppose -2*s = -3*s - 3. Let q(a) = -3*a**3 - a**2 - 3*a + 4. Let d(j) = s*q(j) + 2*k(j). What is d(-3)?
-7
Let i(s) = 5*s**3 - 2*s - 1. Suppose 7 = -4*m - 1. Let n = 3 + -4. Let b be 4 + m + n + -2. Give i(b).
-4
Let c(s) = -s**3 - s**2 + 5*s + 6. Let b(p) = 2*p**3 + p**2 - 9*p - 11. Let t(j) = 4*b(j) + 7*c(j). What is t(3)?
-5
Let h(d) be the first derivative of d**3/3 + d**2/2 - 4*d + 27. What is h(3)?
8
Let s(j) = 2*j**2 - 10*j - 6*j - 8*j + 2 + 27*j. Determine s(-2).
4
Let a(t) = 2*t + 2. Suppose 3*z = -3*q + 6, 4*z - 6*z = -3*q - 4. Let m(o) = 2*o + 3. Let n(s) = z*m(s) - 3*a(s). Give n(-4).
8
Let r be (-3 + 3)/(3 + -2). Suppose 5 = -2*o - 5*n, -5*o + 3*n - 30 